{"id":2749,"date":"2019-07-18T12:26:57","date_gmt":"2019-07-18T10:26:57","guid":{"rendered":"https:\/\/www.teaterjacob.multi.fi\/wordpress\/?page_id=2749"},"modified":"2020-09-09T18:29:42","modified_gmt":"2020-09-09T16:29:42","slug":"pressbilder","status":"publish","type":"page","link":"https:\/\/www.teaterjacob.multi.fi\/wordpress\/?page_id=2749","title":{"rendered":"Pressbilder"},"content":{"rendered":"\t\t<div data-elementor-type=\"wp-post\" data-elementor-id=\"2749\" class=\"elementor elementor-2749\" data-elementor-settings=\"[]\">\n\t\t\t\t\t\t<div class=\"elementor-inner\">\n\t\t\t\t\t\t\t<div class=\"elementor-section-wrap\">\n\t\t\t\t\t\t\t<section class=\"elementor-section elementor-top-section elementor-element elementor-element-69ed5bd elementor-section-boxed elementor-section-height-default elementor-section-height-default\" data-id=\"69ed5bd\" data-element_type=\"section\">\n\t\t\t\t\t\t<div class=\"elementor-container elementor-column-gap-default\">\n\t\t\t\t\t\t\t<div class=\"elementor-row\">\n\t\t\t\t\t<div class=\"elementor-column elementor-col-100 elementor-top-column elementor-element elementor-element-da283fb\" data-id=\"da283fb\" data-element_type=\"column\">\n\t\t\t<div class=\"elementor-column-wrap elementor-element-populated\">\n\t\t\t\t\t\t\t<div class=\"elementor-widget-wrap\">\n\t\t\t\t\t\t<div class=\"elementor-element elementor-element-dc943ed elementor-widget elementor-widget-heading\" data-id=\"dc943ed\" data-element_type=\"widget\" data-widget_type=\"heading.default\">\n\t\t\t\t<div class=\"elementor-widget-container\">\n\t\t\t<h2 class=\"elementor-heading-title elementor-size-default\">Pressbilder <\/h2>\t\t<\/div>\n\t\t\t\t<\/div>\n\t\t\t\t\t\t<\/div>\n\t\t\t\t\t<\/div>\n\t\t<\/div>\n\t\t\t\t\t\t\t\t<\/div>\n\t\t\t\t\t<\/div>\n\t\t<\/section>\n\t\t\t\t<section class=\"elementor-section elementor-top-section elementor-element elementor-element-7e9eb560 elementor-section-boxed elementor-section-height-default elementor-section-height-default\" data-id=\"7e9eb560\" data-element_type=\"section\">\n\t\t\t\t\t\t<div class=\"elementor-container elementor-column-gap-default\">\n\t\t\t\t\t\t\t<div class=\"elementor-row\">\n\t\t\t\t\t<div class=\"elementor-column elementor-col-100 elementor-top-column elementor-element elementor-element-57a7c15a\" data-id=\"57a7c15a\" data-element_type=\"column\">\n\t\t\t<div class=\"elementor-column-wrap elementor-element-populated\">\n\t\t\t\t\t\t\t<div class=\"elementor-widget-wrap\">\n\t\t\t\t\t\t<div class=\"elementor-element elementor-element-4fbe313 elementor-widget elementor-widget-heading\" data-id=\"4fbe313\" data-element_type=\"widget\" data-widget_type=\"heading.default\">\n\t\t\t\t<div class=\"elementor-widget-container\">\n\t\t\t<h3 class=\"elementor-heading-title elementor-size-default\">2019 - H\u00e4r i V\u00e5r stad<\/h3>\t\t<\/div>\n\t\t\t\t<\/div>\n\t\t\t\t<div class=\"elementor-element elementor-element-22e4a45f elementor-widget elementor-widget-text-editor\" data-id=\"22e4a45f\" data-element_type=\"widget\" data-widget_type=\"text-editor.default\">\n\t\t\t\t<div class=\"elementor-widget-container\">\n\t\t\t\t\t\t\t\t<div class=\"elementor-text-editor elementor-clearfix\">\n\t\t\t\t<p><!-- wp:paragraph --><\/p>\n<p><br \/>Fotograf: Henrik Thorson<br \/>Ytterligare media p\u00e5: <a href=\"http:\/\/thotalmedia.com\/folk-i-finland\/folk-i-finland-extra\/\"><em>http:\/\/thotalmedia.com\/folk-i-finland\/folk-i-finland-extra\/<\/em><\/a><\/p>\n<p><!-- \/wp:paragraph --><\/p>\n<p><!-- wp:gallery {\"ids\":[2746,2745,2743,2744,2742,2740,2741,2739],\"linkTo\":\"media\"} --><\/p>\n<p>\u00a0<\/p>\n<p><!-- \/wp:gallery --><\/p>\t\t\t\t\t<\/div>\n\t\t\t\t\t\t<\/div>\n\t\t\t\t<\/div>\n\t\t\t\t\t\t<\/div>\n\t\t\t\t\t<\/div>\n\t\t<\/div>\n\t\t\t\t\t\t\t\t<\/div>\n\t\t\t\t\t<\/div>\n\t\t<\/section>\n\t\t\t\t<section class=\"elementor-section elementor-top-section elementor-element elementor-element-c310754 elementor-section-boxed elementor-section-height-default elementor-section-height-default\" data-id=\"c310754\" data-element_type=\"section\">\n\t\t\t\t\t\t<div class=\"elementor-container elementor-column-gap-default\">\n\t\t\t\t\t\t\t<div class=\"elementor-row\">\n\t\t\t\t\t<div class=\"elementor-column elementor-col-100 elementor-top-column elementor-element elementor-element-b18d32e\" data-id=\"b18d32e\" data-element_type=\"column\">\n\t\t\t<div class=\"elementor-column-wrap elementor-element-populated\">\n\t\t\t\t\t\t\t<div class=\"elementor-widget-wrap\">\n\t\t\t\t\t\t<div class=\"elementor-element elementor-element-daaaa15 elementor-widget elementor-widget-image-gallery\" data-id=\"daaaa15\" data-element_type=\"widget\" data-widget_type=\"image-gallery.default\">\n\t\t\t\t<div class=\"elementor-widget-container\">\n\t\t\t\t\t<div class=\"elementor-image-gallery\">\n\t\t\t<div id='gallery-1' class='gallery galleryid-2749 gallery-columns-3 gallery-size-medium'><figure class='gallery-item'>\n\t\t\t<div class='gallery-icon landscape'>\n\t\t\t\t<a data-elementor-open-lightbox=\"yes\" data-elementor-lightbox-slideshow=\"daaaa15\" data-elementor-lightbox-title=\"hivarstad13juli-015\" e-action-hash=\"#elementor-action%3Aaction%3Dlightbox%26settings%3DeyJpZCI6Mjc0NiwidXJsIjoiaHR0cHM6XC9cL3d3dy50ZWF0ZXJqYWNvYi5tdWx0aS5maVwvd29yZHByZXNzXC93cC1jb250ZW50XC91cGxvYWRzXC8yMDE5XC8wN1wvaGl2YXJzdGFkMTNqdWxpLTAxNS5qcGciLCJzbGlkZXNob3ciOiJkYWFhYTE1In0%3D\" href='https:\/\/www.teaterjacob.multi.fi\/wordpress\/wp-content\/uploads\/2019\/07\/hivarstad13juli-015.jpg'><img width=\"300\" height=\"200\" src=\"https:\/\/www.teaterjacob.multi.fi\/wordpress\/wp-content\/uploads\/2019\/07\/hivarstad13juli-015-300x200.jpg\" class=\"attachment-medium size-medium\" alt=\"\" loading=\"lazy\" aria-describedby=\"gallery-1-2746\" srcset=\"https:\/\/www.teaterjacob.multi.fi\/wordpress\/wp-content\/uploads\/2019\/07\/hivarstad13juli-015-300x200.jpg 300w, https:\/\/www.teaterjacob.multi.fi\/wordpress\/wp-content\/uploads\/2019\/07\/hivarstad13juli-015-768x512.jpg 768w, https:\/\/www.teaterjacob.multi.fi\/wordpress\/wp-content\/uploads\/2019\/07\/hivarstad13juli-015-1024x683.jpg 1024w\" sizes=\"(max-width: 300px) 100vw, 300px\" \/><\/a>\n\t\t\t<\/div>\n\t\t\t\t<figcaption class='wp-caption-text gallery-caption' id='gallery-1-2746'>\n\t\t\t\t1 \n\n\t\t\t\t<\/figcaption><\/figure><figure class='gallery-item'>\n\t\t\t<div class='gallery-icon landscape'>\n\t\t\t\t<a data-elementor-open-lightbox=\"yes\" data-elementor-lightbox-slideshow=\"daaaa15\" data-elementor-lightbox-title=\"jstd-2019-08\" e-action-hash=\"#elementor-action%3Aaction%3Dlightbox%26settings%3DeyJpZCI6Mjc0NSwidXJsIjoiaHR0cHM6XC9cL3d3dy50ZWF0ZXJqYWNvYi5tdWx0aS5maVwvd29yZHByZXNzXC93cC1jb250ZW50XC91cGxvYWRzXC8yMDE5XC8wN1wvanN0ZC0yMDE5LTA4LmpwZyIsInNsaWRlc2hvdyI6ImRhYWFhMTUifQ%3D%3D\" href='https:\/\/www.teaterjacob.multi.fi\/wordpress\/wp-content\/uploads\/2019\/07\/jstd-2019-08.jpg'><img width=\"300\" height=\"200\" src=\"https:\/\/www.teaterjacob.multi.fi\/wordpress\/wp-content\/uploads\/2019\/07\/jstd-2019-08-300x200.jpg\" class=\"attachment-medium size-medium\" alt=\"\" loading=\"lazy\" aria-describedby=\"gallery-1-2745\" srcset=\"https:\/\/www.teaterjacob.multi.fi\/wordpress\/wp-content\/uploads\/2019\/07\/jstd-2019-08-300x200.jpg 300w, https:\/\/www.teaterjacob.multi.fi\/wordpress\/wp-content\/uploads\/2019\/07\/jstd-2019-08-768x512.jpg 768w, https:\/\/www.teaterjacob.multi.fi\/wordpress\/wp-content\/uploads\/2019\/07\/jstd-2019-08-1024x683.jpg 1024w\" sizes=\"(max-width: 300px) 100vw, 300px\" \/><\/a>\n\t\t\t<\/div>\n\t\t\t\t<figcaption class='wp-caption-text gallery-caption' id='gallery-1-2745'>\n\t\t\t\t2\n\t\t\t\t<\/figcaption><\/figure><figure class='gallery-item'>\n\t\t\t<div class='gallery-icon landscape'>\n\t\t\t\t<a data-elementor-open-lightbox=\"yes\" data-elementor-lightbox-slideshow=\"daaaa15\" data-elementor-lightbox-title=\"hivarstad13juli-012\" e-action-hash=\"#elementor-action%3Aaction%3Dlightbox%26settings%3DeyJpZCI6Mjc0MywidXJsIjoiaHR0cHM6XC9cL3d3dy50ZWF0ZXJqYWNvYi5tdWx0aS5maVwvd29yZHByZXNzXC93cC1jb250ZW50XC91cGxvYWRzXC8yMDE5XC8wN1wvaGl2YXJzdGFkMTNqdWxpLTAxMi5qcGciLCJzbGlkZXNob3ciOiJkYWFhYTE1In0%3D\" href='https:\/\/www.teaterjacob.multi.fi\/wordpress\/wp-content\/uploads\/2019\/07\/hivarstad13juli-012.jpg'><img width=\"300\" height=\"200\" src=\"https:\/\/www.teaterjacob.multi.fi\/wordpress\/wp-content\/uploads\/2019\/07\/hivarstad13juli-012-300x200.jpg\" class=\"attachment-medium size-medium\" alt=\"\" loading=\"lazy\" aria-describedby=\"gallery-1-2743\" srcset=\"https:\/\/www.teaterjacob.multi.fi\/wordpress\/wp-content\/uploads\/2019\/07\/hivarstad13juli-012-300x200.jpg 300w, https:\/\/www.teaterjacob.multi.fi\/wordpress\/wp-content\/uploads\/2019\/07\/hivarstad13juli-012-768x512.jpg 768w, https:\/\/www.teaterjacob.multi.fi\/wordpress\/wp-content\/uploads\/2019\/07\/hivarstad13juli-012.jpg 994w\" sizes=\"(max-width: 300px) 100vw, 300px\" \/><\/a>\n\t\t\t<\/div>\n\t\t\t\t<figcaption class='wp-caption-text gallery-caption' id='gallery-1-2743'>\n\t\t\t\t3\n\t\t\t\t<\/figcaption><\/figure><figure class='gallery-item'>\n\t\t\t<div class='gallery-icon landscape'>\n\t\t\t\t<a data-elementor-open-lightbox=\"yes\" data-elementor-lightbox-slideshow=\"daaaa15\" data-elementor-lightbox-title=\"jstd-2019-04\" e-action-hash=\"#elementor-action%3Aaction%3Dlightbox%26settings%3DeyJpZCI6Mjc0NCwidXJsIjoiaHR0cHM6XC9cL3d3dy50ZWF0ZXJqYWNvYi5tdWx0aS5maVwvd29yZHByZXNzXC93cC1jb250ZW50XC91cGxvYWRzXC8yMDE5XC8wN1wvanN0ZC0yMDE5LTA0LmpwZyIsInNsaWRlc2hvdyI6ImRhYWFhMTUifQ%3D%3D\" href='https:\/\/www.teaterjacob.multi.fi\/wordpress\/wp-content\/uploads\/2019\/07\/jstd-2019-04.jpg'><img width=\"300\" height=\"200\" src=\"https:\/\/www.teaterjacob.multi.fi\/wordpress\/wp-content\/uploads\/2019\/07\/jstd-2019-04-300x200.jpg\" class=\"attachment-medium size-medium\" alt=\"\" loading=\"lazy\" aria-describedby=\"gallery-1-2744\" srcset=\"https:\/\/www.teaterjacob.multi.fi\/wordpress\/wp-content\/uploads\/2019\/07\/jstd-2019-04-300x200.jpg 300w, https:\/\/www.teaterjacob.multi.fi\/wordpress\/wp-content\/uploads\/2019\/07\/jstd-2019-04-768x512.jpg 768w, https:\/\/www.teaterjacob.multi.fi\/wordpress\/wp-content\/uploads\/2019\/07\/jstd-2019-04-1024x682.jpg 1024w, https:\/\/www.teaterjacob.multi.fi\/wordpress\/wp-content\/uploads\/2019\/07\/jstd-2019-04.jpg 1985w\" sizes=\"(max-width: 300px) 100vw, 300px\" \/><\/a>\n\t\t\t<\/div>\n\t\t\t\t<figcaption class='wp-caption-text gallery-caption' id='gallery-1-2744'>\n\t\t\t\t4\n\t\t\t\t<\/figcaption><\/figure><figure class='gallery-item'>\n\t\t\t<div class='gallery-icon landscape'>\n\t\t\t\t<a data-elementor-open-lightbox=\"yes\" data-elementor-lightbox-slideshow=\"daaaa15\" data-elementor-lightbox-title=\"hivarstad13juli-009\" e-action-hash=\"#elementor-action%3Aaction%3Dlightbox%26settings%3DeyJpZCI6Mjc0MiwidXJsIjoiaHR0cHM6XC9cL3d3dy50ZWF0ZXJqYWNvYi5tdWx0aS5maVwvd29yZHByZXNzXC93cC1jb250ZW50XC91cGxvYWRzXC8yMDE5XC8wN1wvaGl2YXJzdGFkMTNqdWxpLTAwOS5qcGciLCJzbGlkZXNob3ciOiJkYWFhYTE1In0%3D\" href='https:\/\/www.teaterjacob.multi.fi\/wordpress\/wp-content\/uploads\/2019\/07\/hivarstad13juli-009.jpg'><img width=\"300\" height=\"200\" src=\"https:\/\/www.teaterjacob.multi.fi\/wordpress\/wp-content\/uploads\/2019\/07\/hivarstad13juli-009-300x200.jpg\" class=\"attachment-medium size-medium\" alt=\"\" loading=\"lazy\" aria-describedby=\"gallery-1-2742\" srcset=\"https:\/\/www.teaterjacob.multi.fi\/wordpress\/wp-content\/uploads\/2019\/07\/hivarstad13juli-009-300x200.jpg 300w, https:\/\/www.teaterjacob.multi.fi\/wordpress\/wp-content\/uploads\/2019\/07\/hivarstad13juli-009-768x512.jpg 768w, https:\/\/www.teaterjacob.multi.fi\/wordpress\/wp-content\/uploads\/2019\/07\/hivarstad13juli-009-1024x682.jpg 1024w, https:\/\/www.teaterjacob.multi.fi\/wordpress\/wp-content\/uploads\/2019\/07\/hivarstad13juli-009.jpg 1814w\" sizes=\"(max-width: 300px) 100vw, 300px\" \/><\/a>\n\t\t\t<\/div>\n\t\t\t\t<figcaption class='wp-caption-text gallery-caption' id='gallery-1-2742'>\n\t\t\t\t5\n\t\t\t\t<\/figcaption><\/figure><figure class='gallery-item'>\n\t\t\t<div class='gallery-icon landscape'>\n\t\t\t\t<a data-elementor-open-lightbox=\"yes\" data-elementor-lightbox-slideshow=\"daaaa15\" data-elementor-lightbox-title=\"hivarstad13juli-004\" e-action-hash=\"#elementor-action%3Aaction%3Dlightbox%26settings%3DeyJpZCI6Mjc0MCwidXJsIjoiaHR0cHM6XC9cL3d3dy50ZWF0ZXJqYWNvYi5tdWx0aS5maVwvd29yZHByZXNzXC93cC1jb250ZW50XC91cGxvYWRzXC8yMDE5XC8wN1wvaGl2YXJzdGFkMTNqdWxpLTAwNC5qcGciLCJzbGlkZXNob3ciOiJkYWFhYTE1In0%3D\" href='https:\/\/www.teaterjacob.multi.fi\/wordpress\/wp-content\/uploads\/2019\/07\/hivarstad13juli-004.jpg'><img width=\"300\" height=\"200\" src=\"https:\/\/www.teaterjacob.multi.fi\/wordpress\/wp-content\/uploads\/2019\/07\/hivarstad13juli-004-300x200.jpg\" class=\"attachment-medium size-medium\" alt=\"\" loading=\"lazy\" aria-describedby=\"gallery-1-2740\" srcset=\"https:\/\/www.teaterjacob.multi.fi\/wordpress\/wp-content\/uploads\/2019\/07\/hivarstad13juli-004-300x200.jpg 300w, https:\/\/www.teaterjacob.multi.fi\/wordpress\/wp-content\/uploads\/2019\/07\/hivarstad13juli-004-768x512.jpg 768w, https:\/\/www.teaterjacob.multi.fi\/wordpress\/wp-content\/uploads\/2019\/07\/hivarstad13juli-004-1024x682.jpg 1024w, https:\/\/www.teaterjacob.multi.fi\/wordpress\/wp-content\/uploads\/2019\/07\/hivarstad13juli-004.jpg 1655w\" sizes=\"(max-width: 300px) 100vw, 300px\" \/><\/a>\n\t\t\t<\/div>\n\t\t\t\t<figcaption class='wp-caption-text gallery-caption' id='gallery-1-2740'>\n\t\t\t\t6\n\t\t\t\t<\/figcaption><\/figure><figure class='gallery-item'>\n\t\t\t<div class='gallery-icon landscape'>\n\t\t\t\t<a data-elementor-open-lightbox=\"yes\" data-elementor-lightbox-slideshow=\"daaaa15\" data-elementor-lightbox-title=\"hivarstad13juli-005\" e-action-hash=\"#elementor-action%3Aaction%3Dlightbox%26settings%3DeyJpZCI6Mjc0MSwidXJsIjoiaHR0cHM6XC9cL3d3dy50ZWF0ZXJqYWNvYi5tdWx0aS5maVwvd29yZHByZXNzXC93cC1jb250ZW50XC91cGxvYWRzXC8yMDE5XC8wN1wvaGl2YXJzdGFkMTNqdWxpLTAwNS5qcGciLCJzbGlkZXNob3ciOiJkYWFhYTE1In0%3D\" href='https:\/\/www.teaterjacob.multi.fi\/wordpress\/wp-content\/uploads\/2019\/07\/hivarstad13juli-005.jpg'><img width=\"300\" height=\"200\" src=\"https:\/\/www.teaterjacob.multi.fi\/wordpress\/wp-content\/uploads\/2019\/07\/hivarstad13juli-005-300x200.jpg\" class=\"attachment-medium size-medium\" alt=\"\" loading=\"lazy\" aria-describedby=\"gallery-1-2741\" srcset=\"https:\/\/www.teaterjacob.multi.fi\/wordpress\/wp-content\/uploads\/2019\/07\/hivarstad13juli-005-300x200.jpg 300w, https:\/\/www.teaterjacob.multi.fi\/wordpress\/wp-content\/uploads\/2019\/07\/hivarstad13juli-005-768x512.jpg 768w, https:\/\/www.teaterjacob.multi.fi\/wordpress\/wp-content\/uploads\/2019\/07\/hivarstad13juli-005-1024x683.jpg 1024w, https:\/\/www.teaterjacob.multi.fi\/wordpress\/wp-content\/uploads\/2019\/07\/hivarstad13juli-005.jpg 1458w\" sizes=\"(max-width: 300px) 100vw, 300px\" \/><\/a>\n\t\t\t<\/div>\n\t\t\t\t<figcaption class='wp-caption-text gallery-caption' id='gallery-1-2741'>\n\t\t\t\t7\n\t\t\t\t<\/figcaption><\/figure><figure class='gallery-item'>\n\t\t\t<div class='gallery-icon landscape'>\n\t\t\t\t<a data-elementor-open-lightbox=\"yes\" data-elementor-lightbox-slideshow=\"daaaa15\" data-elementor-lightbox-title=\"hivarstad13juli-002\" e-action-hash=\"#elementor-action%3Aaction%3Dlightbox%26settings%3DeyJpZCI6MjczOSwidXJsIjoiaHR0cHM6XC9cL3d3dy50ZWF0ZXJqYWNvYi5tdWx0aS5maVwvd29yZHByZXNzXC93cC1jb250ZW50XC91cGxvYWRzXC8yMDE5XC8wN1wvaGl2YXJzdGFkMTNqdWxpLTAwMi5qcGciLCJzbGlkZXNob3ciOiJkYWFhYTE1In0%3D\" href='https:\/\/www.teaterjacob.multi.fi\/wordpress\/wp-content\/uploads\/2019\/07\/hivarstad13juli-002.jpg'><img width=\"300\" height=\"200\" src=\"https:\/\/www.teaterjacob.multi.fi\/wordpress\/wp-content\/uploads\/2019\/07\/hivarstad13juli-002-300x200.jpg\" class=\"attachment-medium size-medium\" alt=\"\" loading=\"lazy\" aria-describedby=\"gallery-1-2739\" srcset=\"https:\/\/www.teaterjacob.multi.fi\/wordpress\/wp-content\/uploads\/2019\/07\/hivarstad13juli-002-300x200.jpg 300w, https:\/\/www.teaterjacob.multi.fi\/wordpress\/wp-content\/uploads\/2019\/07\/hivarstad13juli-002-768x512.jpg 768w, https:\/\/www.teaterjacob.multi.fi\/wordpress\/wp-content\/uploads\/2019\/07\/hivarstad13juli-002-1024x683.jpg 1024w\" sizes=\"(max-width: 300px) 100vw, 300px\" \/><\/a>\n\t\t\t<\/div>\n\t\t\t\t<figcaption class='wp-caption-text gallery-caption' id='gallery-1-2739'>\n\t\t\t\t8\n\t\t\t\t<\/figcaption><\/figure>\n\t\t<\/div>\n\t\t<\/div>\n\t\t\t\t<\/div>\n\t\t\t\t<\/div>\n\t\t\t\t\t\t<\/div>\n\t\t\t\t\t<\/div>\n\t\t<\/div>\n\t\t\t\t\t\t\t\t<\/div>\n\t\t\t\t\t<\/div>\n\t\t<\/section>\n\t\t\t\t\t\t<\/div>\n\t\t\t\t\t\t<\/div>\n\t\t\t\t\t<\/div>\n\t\t","protected":false},"excerpt":{"rendered":"<p>Pressbilder 2019 &#8211; H\u00e4r i V\u00e5r stad Fotograf: Henrik ThorsonYtterligare media p\u00e5: http:\/\/thotalmedia.com\/folk-i-finland\/folk-i-finland-extra\/ 1 2 3 4 5 6 7 8<\/p>\n","protected":false},"author":1,"featured_media":0,"parent":0,"menu_order":0,"comment_status":"closed","ping_status":"closed","template":"template-home.php","meta":{"spay_email":""},"categories":[],"tags":[],"jetpack_sharing_enabled":true,"jetpack_shortlink":"https:\/\/wp.me\/PaW0ga-Il","_links":{"self":[{"href":"https:\/\/www.teaterjacob.multi.fi\/wordpress\/index.php?rest_route=\/wp\/v2\/pages\/2749"}],"collection":[{"href":"https:\/\/www.teaterjacob.multi.fi\/wordpress\/index.php?rest_route=\/wp\/v2\/pages"}],"about":[{"href":"https:\/\/www.teaterjacob.multi.fi\/wordpress\/index.php?rest_route=\/wp\/v2\/types\/page"}],"author":[{"embeddable":true,"href":"https:\/\/www.teaterjacob.multi.fi\/wordpress\/index.php?rest_route=\/wp\/v2\/users\/1"}],"replies":[{"embeddable":true,"href":"https:\/\/www.teaterjacob.multi.fi\/wordpress\/index.php?rest_route=%2Fwp%2Fv2%2Fcomments&post=2749"}],"version-history":[{"count":1,"href":"https:\/\/www.teaterjacob.multi.fi\/wordpress\/index.php?rest_route=\/wp\/v2\/pages\/2749\/revisions"}],"predecessor-version":[{"id":2872,"href":"https:\/\/www.teaterjacob.multi.fi\/wordpress\/index.php?rest_route=\/wp\/v2\/pages\/2749\/revisions\/2872"}],"wp:attachment":[{"href":"https:\/\/www.teaterjacob.multi.fi\/wordpress\/index.php?rest_route=%2Fwp%2Fv2%2Fmedia&parent=2749"}],"wp:term":[{"taxonomy":"category","embeddable":true,"href":"https:\/\/www.teaterjacob.multi.fi\/wordpress\/index.php?rest_route=%2Fwp%2Fv2%2Fcategories&post=2749"},{"taxonomy":"post_tag","embeddable":true,"href":"https:\/\/www.teaterjacob.multi.fi\/wordpress\/index.php?rest_route=%2Fwp%2Fv2%2Ftags&post=2749"}],"curies":[{"name":"wp","href":"https:\/\/api.w.org\/{rel}","templated":true}]}}